{"id":3,"date":"2025-08-19T10:04:16","date_gmt":"2025-08-19T10:04:16","guid":{"rendered":"http:\/\/varelly.com\/?page_id=3"},"modified":"2025-11-15T14:59:33","modified_gmt":"2025-11-15T14:59:33","slug":"privacy-policy","status":"publish","type":"page","link":"https:\/\/varelly.com\/?page_id=3","title":{"rendered":"Mentions L\u00e9gales"},"content":{"rendered":"\n<h2 class=\"wp-block-heading\">Mentions L\u00e9gales \/ RGPD \/ CGU<\/h2>\n\n\n\n<p>Ce site est \u00e9dit\u00e9 par\u00a0<strong>Varelly<\/strong>, joignable \u00e0 l\u2019adresse\u00a0<strong>business@varelly.com<\/strong> \u00a0et l\u2019h\u00e9bergement du site est assur\u00e9 par\u00a0<strong>OVH<\/strong>. L\u2019ensemble des contenus pr\u00e9sents sur ce site (textes, images, \u00e9l\u00e9ments graphiques ou techniques) est prot\u00e9g\u00e9 par les lois relatives \u00e0 la propri\u00e9t\u00e9 intellectuelle. Toute reproduction ou utilisation non autoris\u00e9e est strictement interdite.<\/p>\n\n\n\n<p>Nous attachons une grande importance \u00e0 la confidentialit\u00e9 de vos donn\u00e9es personnelles. Conform\u00e9ment au RGPD, les informations que vous fournissez via les formulaires (nom, pr\u00e9nom, email, t\u00e9l\u00e9phone, profil social, ou tout autre renseignement volontaire) sont utilis\u00e9es uniquement pour vous recontacter, traiter votre demande, g\u00e9rer votre inscription ou vous fournir des informations li\u00e9es \u00e0 nos services. Aucune donn\u00e9e n\u2019est c\u00e9d\u00e9e, vendue ou partag\u00e9e avec des tiers. Les donn\u00e9es sont conserv\u00e9es pour une dur\u00e9e maximale de 24 mois, sauf obligation l\u00e9gale contraire. Vous disposez d\u2019un droit d\u2019acc\u00e8s, de rectification, d\u2019opposition, de suppression et de portabilit\u00e9 de vos donn\u00e9es. Pour exercer vos droits, il vous suffit d\u2019envoyer une demande \u00e0\u00a0<strong>business@varelly.com<\/strong>.<\/p>\n\n\n\n<p>Le site peut utiliser des cookies techniques ou analytiques permettant d\u2019am\u00e9liorer le fonctionnement g\u00e9n\u00e9ral et votre exp\u00e9rience de navigation. Vous pouvez configurer ou d\u00e9sactiver les cookies depuis les r\u00e9glages de votre navigateur. Aucune donn\u00e9e sensible n\u2019est collect\u00e9e sans votre consentement explicite.<\/p>\n\n\n\n<p>L\u2019acc\u00e8s et l\u2019utilisation du site impliquent l\u2019acceptation pleine et enti\u00e8re des pr\u00e9sentes conditions g\u00e9n\u00e9rales d\u2019utilisation. L\u2019utilisateur s\u2019engage \u00e0 faire un usage personnel, l\u00e9gal et responsable du site, \u00e0 ne pas nuire \u00e0 son bon fonctionnement ni tenter d\u2019acc\u00e9der \u00e0 des informations non autoris\u00e9es. Malgr\u00e9 tous nos efforts pour fournir un contenu fiable et \u00e0 jour, nous ne pouvons garantir l\u2019exactitude permanente de l\u2019ensemble des informations. L\u2019utilisateur reconna\u00eet naviguer sous sa propre responsabilit\u00e9.<\/p>\n\n\n\n<p>L\u2019\u00e9diteur du site se r\u00e9serve le droit de modifier \u00e0 tout moment le contenu, les pr\u00e9sentes conditions ou la politique de confidentialit\u00e9. Toute modification s\u2019appliquera d\u00e8s sa mise en ligne. Le droit applicable d\u00e9pend du pays d\u2019implantation de l\u2019\u00e9diteur et tout litige \u00e9ventuel sera soumis aux juridictions comp\u00e9tentes.<\/p>\n","protected":false},"excerpt":{"rendered":"<p>Mentions L\u00e9gales \/ RGPD \/ CGU Ce site est \u00e9dit\u00e9 par\u00a0Varelly, joignable \u00e0 l\u2019adresse\u00a0business@varelly.com \u00a0et l\u2019h\u00e9bergement du site est assur\u00e9 par\u00a0OVH. L\u2019ensemble des contenus pr\u00e9sents sur ce site (textes, images, \u00e9l\u00e9ments graphiques ou techniques) est prot\u00e9g\u00e9 par les lois relatives &hellip;<\/p>\n<p class=\"read-more\"> <a class=\"more-link\" href=\"https:\/\/varelly.com\/?page_id=3\"> <span class=\"screen-reader-text\">Mentions L\u00e9gales<\/span> Read More &raquo;<\/a><\/p>\n","protected":false},"author":1,"featured_media":0,"parent":0,"menu_order":0,"comment_status":"closed","ping_status":"closed","template":"","meta":{"footnotes":""},"class_list":["post-3","page","type-page","status-publish","hentry"],"_links":{"self":[{"href":"https:\/\/varelly.com\/index.php?rest_route=\/wp\/v2\/pages\/3","targetHints":{"allow":["GET"]}}],"collection":[{"href":"https:\/\/varelly.com\/index.php?rest_route=\/wp\/v2\/pages"}],"about":[{"href":"https:\/\/varelly.com\/index.php?rest_route=\/wp\/v2\/types\/page"}],"author":[{"embeddable":true,"href":"https:\/\/varelly.com\/index.php?rest_route=\/wp\/v2\/users\/1"}],"replies":[{"embeddable":true,"href":"https:\/\/varelly.com\/index.php?rest_route=%2Fwp%2Fv2%2Fcomments&post=3"}],"version-history":[{"count":2,"href":"https:\/\/varelly.com\/index.php?rest_route=\/wp\/v2\/pages\/3\/revisions"}],"predecessor-version":[{"id":74,"href":"https:\/\/varelly.com\/index.php?rest_route=\/wp\/v2\/pages\/3\/revisions\/74"}],"wp:attachment":[{"href":"https:\/\/varelly.com\/index.php?rest_route=%2Fwp%2Fv2%2Fmedia&parent=3"}],"curies":[{"name":"wp","href":"https:\/\/api.w.org\/{rel}","templated":true}]}}